der when 85 is divided by 29/(-4)*(-1 + l/2).
27
What is the remainder when ((-3)/4 + (-23506)/552)*-3 is divided by 66?
64
Suppose y = -9 + 1. Let n = y - 18. Let w = -7 - n. Calculate the remainder when 75 is divided by w.
18
Suppose 5*h - 330 + 55 = 0. Suppose y + h = 2*y. Suppose 0 = -19*j + 401 - 40. What is the remainder when y is divided by j?
17
Suppose 759*m = 770*m - 1276. What is the remainder when 463 is divided by m?
115
Suppose 59*l - 424 = 5122. What is the remainder when 352 is divided by l?
70
Suppose 2 + 4 = 3*y. Suppose -2*h + 8 = 2*h, -h = y*b - 116. What is the remainder when b is divided by 15?
12
Let j = 819 + -803. Let f be 78 + (-4)/6*3. Let m = -15 + f. What is the remainder when m is divided by j?
13
Suppose -h = m - 16, 4*m + 3*h + 11 = 72. Suppose -4*t + 31 + m = 0. What is the remainder when 16/6*39/2 is divided by t?
8
Suppose -4*a + 4*c = -c - 276, 0 = a - 5*c - 69. Calculate the remainder when a is divided by 12.
9
Let b be (-5)/(20/(-12)) - -2. Suppose -b*v + 181 = -114. Suppose -5*m + 30 = o, 0*o + 3*m - 84 = -5*o. Calculate the remainder when v is divided by o.
14
Let u = 204 + -196. What is the remainder when 63 is divided by u?
7
Let b = 10 - 8. Suppose -b*o + 34 = -4*z, 7*z - 2*z + 5*o + 65 = 0. Let x(r) = -13*r. What is the remainder when x(z) is divided by 33?
31
Let y = 29 + -19. Calculate the remainder when 13 is divided by 6/16*(y + -2).
1
Calculate the remainder when (0 - -98) + 2 - (109 + -115) is divided by 50.
6
Let h = -6 + 23. Let a(o) = -o**3 - 4*o**2 - 6*o - 1. Let u be a(-3). Suppose -3*f - 30 = -u*f. Calculate the remainder when h is divided by f.
5
Suppose 6*h - 676 = 1160. Let p = h - 4. What is the remainder when p is divided by 38?
36
Suppose -35*w = -8*w - 1674. What is the remainder when w is divided by 21?
20
Suppose 0 = 3*f - 81 + 9. What is the remainder when 1 + 2 + (-7 - -46) is divided by f?
18
Let h(a) = -a + 7. Let v be h(6). Let p = v + 7. Suppose 0 = p*i - 12*i + 204. What is the remainder when i is divided by 13?
12
Let s(c) = 4*c**2 - 3*c - 6. Let d be s(6). Suppose 5*u = w + 684 - d, -3*w - 460 = -4*u. Calculate the remainder when u is divided by 38.
36
Let h(q) = -q**3 + 5*q**2 + 7*q - 4. Let z be h(6). Suppose 5*y + 4*l = 2*l + 62, 0 = -z*y - 4*l + 28. Calculate the remainder when 22 is divided by y.
10
Suppose -118*q + 120*q = 48. What is the remainder when q is divided by 5?
4
Suppose -3*d + 207 = 3*r, -d + 148 = 2*r + 3*d. Calculate the remainder when r is divided by (-4)/(-20) + 118/10.
4
Suppose 0 = -2*x - 2*x + 12, -b - 3*x = -12. What is the remainder when 26 is divided by b?
2
Let x = -1292 + 1313. What is the remainder when 206 is divided by x?
17
Suppose 186 = 4*s - 2*h - 294, -3*s + 4*h = -355. What is the remainder when s is divided by 32?
25
Suppose -2*m + 20 = 3*y, -4*y = 2*m + 3*m - 43. Calculate the remainder when 25 is divided by m.
4
Suppose -4 = 4*c + 4*u, 0 = -4*u - 5 - 11. Suppose 2*l + c*s + 7 = 0, -3*l - s = -6*l + 6. What is the remainder when 3 is divided by l?
0
Suppose -53 = -5*q + 2. What is the remainder when q is divided by 24/84 - (-1 + (-24)/14)?
2
Let p be -1 - (-3 + 2)*6. Suppose -42 = -r - 2*r - p*w, -w = 0. Suppose 0 = 11*y - 111 - 164. What is the remainder when y is divided by r?
11
Let j = 63 - 26. Suppose 0*k + 52 = -k. What is the remainder when j is divided by 40/(-100) + k/(-5)?
7
Suppose 15*f = 34*f - 21831. What is the remainder when f is divided by 18?
15
Suppose 59 + 688 = 3*q - i, 5*q - 1245 = 3*i. Let c = -360 + 410. What is the remainder when q is divided by c?
49
Suppose 0 = -10*j - 103 + 853. What is the remainder when 221 is divided by j?
71
Let f(u) = u**3 + 4*u**2 - 3*u. Let o = 59 + -37. What is the remainder when o is divided by f(-4)?
10
Let n(g) = g**2 - 72. Calculate the remainder when n(-16) is divided by 47.
43
Let s(v) = -v**2 - v - 110. Let r be s(0). Let g = 237 + r. Suppose 5*o - g + 2 = 0. Calculate the remainder when 73 is divided by o.
23
Suppose -246 = -4*i + 4*y - 70, i = 5*y + 48. Let n = 125 - 103. Calculate the remainder when i is divided by n.
21
Let y = 72 + -33. Calculate the remainder when y is divided by 10.
9
Suppose -8*h + 4*h = -3*z + 268, -z - h = -80. What is the remainder when z is divided by 11?
7
Let f(j) = 2*j**2 - 11*j - 92. What is the remainder when 44 is divided by f(11)?
15
Suppose 15 = 5*h, 5*h = -m - 0*h + 60. Calculate the remainder when m is divided by 29.
16
Let z = -466 - -477. Let i(p) = -p**3 - 6*p**2 - 7*p + 1. Let x(k) = 7*k**3 + 2*k**2 + k. Let c be x(-1). What is the remainder when i(c) is divided by z?
10
Suppose -15*c + 281 + 1774 = 0. Suppose 56 = 6*k - 2*k. Calculate the remainder when c is divided by k.
11
Suppose -b + 5 = 1. Suppose b*u - 131 = 5. Suppose 3*w + u = 4*k, k - 2*k + 3*w + 4 = 0. Calculate the remainder when 37 is divided by k.
7
Suppose 5*q - 12*q + 105 = 0. What is the remainder when q is divided by 11?
4
Suppose -b - 3*o = 9 - 130, -5*b + 2*o = -639. Calculate the remainder when b is divided by 13.
10
Suppose 0 = -10*o + 15*o - 15. What is the remainder when 23 is divided by o?
2
Suppose 5*k = -2*t + 41, 2*t - 32 = -3*k - 9. What is the remainder when 17 is divided by k?
8
Suppose 0 = 3*i + 9, 3*r + 3*i = 5*r - 19. Suppose -r = n - 16. Suppose -932*a = -939*a + 287. Calculate the remainder when a is divided by n.
8
Let l = -148 - -177. What is the remainder when l is divided by 13?
3
Let b = -171 + 224. Calculate the remainder when 53 is divided by b.
0
Let t(l) = l + 13. Let y be t(-13). Let d be 206/2 + -4 + y. Suppose 2*x = 4*x - 5*i - d, -5*i - 37 = -x. Calculate the remainder when x is divided by 32.
30
Suppose 72 = -54*f + 57*f. What is the remainder when 69 is divided by f?
21
Suppose 0 = -2*l + 346 - 282. What is the remainder when 253 is divided by l?
29
Let x = 46 - 15. Suppose l - 23 = x. What is the remainder when l is divided by 19?
16
Let u = 171 - 118. Let x = -5 - -16. What is the remainder when u is divided by x?
9
What is the remainder when (12/24)/((-4)/(-3208)) is divided by 102?
95
Suppose 5*f = 4*y - 282, f + 108 + 182 = 4*y. Calculate the remainder when y is divided by 13.
8
Suppose 8*l + 812 + 972 = 0. Let z = -158 - l. What is the remainder when z is divided by 22?
21
Let q be 0/(6/(-2) - -2). Suppose q = z - 2*t - 3 - 2, 15 = 3*z + t. Suppose z*x - 134 = 3*x. Calculate the remainder when x is divided by 34.
33
Suppose 7*p - 3*x = 8*p - 37, 3*x - 245 = -5*p. Calculate the remainder when 91 is divided by p.
39
Suppose -q - 16 + 94 = 0. Calculate the remainder when 94 is divided by q/4 + 10/(-4) + 2.
18
Suppose w = -2*l, 2*w - 2 = -2*l - 0. Suppose 5*j - 265 = -5*u, -4*u = -w*j + u + 134. What is the remainder when j is divided by 15?
12
Suppose 0 = 2*n - n - 2. Let i(w) = 2*w**2 - 3*w**n + 3*w - 12*w - 5. What is the remainder when 11 is divided by i(-8)?
2
Let j(z) = z**3 + 4*z**2 + 5*z + 3. Let d be j(-3). Let l(o) = -o - 1. Let q be l(d). What is the remainder when 5 is divided by 6*((-1)/q - -1)?
2
Suppose s + 19 = 52. Suppose -r + 72 = r. Let g = r + -24. What is the remainder when s is divided by g?
9
Let a(t) = 8*t**3 + t**2 - 29*t + 102. What is the remainder when a(4) is divided by 65?
59
Suppose -5825 + 1778 = -19*p. What is the remainder when p is divided by 73?
67
Let t(b) be the second derivative of b**4/12 + b**3/3 - 3*b**2/2 + 19*b. What is the remainder when 34 is divided by t(-5)?
10
Let v = 0 + 5. Suppose 4*y - 37 = v*o, -3*y + 0*y + 19 = 5*o. Calculate the remainder when 38 is divided by y.
6
Suppose 4*g - 13 - 3 = 0. Let s = 11 + -4. Calculate the remainder when 7 is divided by 22/s - g/28.
1
Let q(f) be the third derivative of f**5/60 - f**4/12 - 5*f**3/3 - 5*f**2. Let z be q(10). Suppose 0 = o - z + 7. What is the remainder when o is divided by 22?
19
Suppose -5*v - 84 = -19*v. Suppose v*j + 52 = 718. Suppose -4*z = 4*h - 80 - 28, -z + 25 = 3*h. Calculate the remainder when j is divided by z.
27
Let j = 1992 - 1890. Calculate the remainder when 373 is divided by j.
67
Let d be (8/14)/((-24)/(-84)). Let g(i) = -2 - 5*i**2 + 1 - d*i**3 + 3*i**3 + 5 + 3*i. Calculate the remainder when g(5) is divided by 5.
4
Let d(p) = -p**2 - 18*p + 26. What is the remainder when 75 is divided by d(-18)?
23
Suppos